(2).
44
Let b(o) = -11*o**3 - 22*o**2 + 155*o + 1054. Determine b(-7).
2664
Let q(w) = 476*w + 66577. What is q(-140)?
-63
Let u(m) = 33*m + 650. Calculate u(-41).
-703
Let t(v) = -v**2 + 51*v + 2185. What is t(-28)?
-27
Let s(p) = -11*p**2 + 316*p - 1557. What is s(6)?
-57
Let u(d) = -1901*d - 311799. Give u(-164).
-35
Let z(v) = -v**3 + 462*v**2 + 7292*v + 55. Calculate z(-16).
5751
Let g(x) = 6*x**2 + 7094*x + 1414782. Calculate g(-254).
2
Let x(o) = -o**3 - 69*o**2 - 577*o + 28. Determine x(-8).
740
Let t(k) = k**2 - 778*k - 17616. Determine t(-22).
-16
Let o(f) = f**3 + 470*f**2 - 7765*f + 5292. What is o(-486)?
-54
Let i(v) = v**2 - 1044*v - 12567. Determine i(-12).
105
Let n(t) = 241635*t + 241740. Calculate n(-1).
105
Let s(f) = f**3 + 98*f**2 - 115*f - 2177. Calculate s(-99).
-593
Let b(i) = 2*i**3 + 262*i**2 - 3421*i - 51. Give b(12).
81
Let k(f) = -1141*f + 99. Give k(0).
99
Let a(y) = -y**3 + 17*y**2 - 69*y + 55. Give a(9).
82
Let n(s) = -17*s**2 + 524*s - 412. Determine n(31).
-505
Let k(w) = -31*w**3 - 2416*w**2 + 148*w - 691. Calculate k(-78).
-67
Let j(d) = d**2 - 640*d + 97005. What is j(247)?
-66
Let r(h) = 6792*h + 135811. What is r(-20)?
-29
Let j(k) = 158*k**2 - 12166*k + 4. Determine j(77).
4
Let y(k) = -k**3 + 8123*k**2 - 395629*k + 165. Give y(49).
18
Let g(r) = -84967*r - 85093. Give g(-1).
-126
Let c(m) = 107*m + 6272. Calculate c(-60).
-148
Let x(l) = 3*l**3 - 436*l**2 - 310*l - 558. What is x(146)?
-3186
Let z(o) = 18*o**2 - 423*o - 1695. Give z(-4).
285
Let z(h) = 480*h + 159. Determine z(-1).
-321
Let s(d) = 843*d + 8681. Give s(-12).
-1435
Let h(c) = 56*c**2 + 71*c - 63. Calculate h(-6).
1527
Let s(i) = 2492*i**2 + 10055*i + 334. What is s(-4)?
-14
Let f(s) = s**3 - 19*s**2 + 94*s - 12. Calculate f(5).
108
Let v(i) = -2*i**3 - 600*i**2 + 7261*i + 2178306. What is v(-300)?
6
Let u(l) = l**3 + 632*l**2 - 2746*l + 806. Determine u(4).
-2
Let q(k) = 2*k**3 - 702*k**2 - 13283*k - 392. Calculate q(369).
-23
Let m(i) = -115*i**2 - 1163*i + 1277. Calculate m(1).
-1
Let t(f) = 2*f**2 - 46113*f - 184498. What is t(-4)?
-14
Let x(w) = 63003*w + 504016. Give x(-8).
-8
Let g(w) = -22*w**3 - 42*w**2 + 579*w + 622. Calculate g(-1).
23
Let g(h) = h**3 - 434*h**2 - 53398*h + 140. Calculate g(-100).
-60
Let d(l) = l**2 - 1522*l + 47682. Determine d(32).
2
Let n(s) = 2*s**2 + 217*s - 3077. What is n(-130)?
2513
Let n(p) = -25*p**2 - 2039*p + 3010. Calculate n(-83).
22
Let s(t) = t**2 - 94*t + 2088. Give s(39).
-57
Let l(v) = v**3 - 203*v**2 - 15*v + 2571. What is l(203)?
-474
Let g(d) = -2*d**3 + 33*d**2 - 980*d + 18031. Give g(18).
-581
Let h(n) = -2*n**3 - 60*n**2 - 237*n - 9275. Calculate h(-31).
-6
Let f(k) = 23*k**2 - 9767*k - 48789. What is f(-5)?
621
Let i(y) = y**2 - 60*y + 16. Determine i(-5).
341
Let p(j) = -26206*j - 183456. Calculate p(-7).
-14
Let d(r) = 5*r**3 - 1015*r**2 - 4078*r - 4. Calculate d(-4).
-252
Let w(f) = f**2 - 309*f + 5739. What is w(20)?
-41
Let h(w) = -138*w + 3228. Determine h(24).
-84
Let v(d) = 734*d**2 - 1495*d + 56. Determine v(2).
2
Let d(f) = -2*f**2 - 1639*f - 32323. What is d(-20)?
-343
Let v(y) = -94*y**2 + 177*y - 880. What is v(6)?
-3202
Let q(z) = -144*z - 1799. Calculate q(-9).
-503
Let s(c) = -5*c**2 + 185*c - 2479. Give s(33).
-1819
Let a(j) = j**3 - j**2 - 74*j + 115. Determine a(0).
115
Let t(b) = b**3 + 64*b**2 + 893*b + 25. Give t(-20).
-235
Let c(m) = 3*m**2 + 93*m + 793. Give c(-24).
289
Let v(n) = -756*n - 39295. Determine v(-52).
17
Let a(l) = l**3 + 93*l**2 + 1114*l + 698. Calculate a(-79).
66
Let g(h) = -4*h**3 + 250*h**2 + 185*h - 3576. Calculate g(63).
141
Let s(m) = 345*m + 20728. Calculate s(-60).
28
Let y(f) = 8*f**2 - 160*f - 2633. What is y(34)?
1175
Let u(c) = -c**3 - 222*c**2 + 412*c - 8705. Determine u(-224).
-641
Let d(w) = 2*w**3 + 37*w**2 - 601*w + 1833. What is d(6)?
-9
Let z(a) = -a**3 - 37*a**2 + 1371*a - 535. Determine z(-60).
5
Let f(q) = 8240*q - 39200. What is f(5)?
2000
Let a(t) = -t**3 + 4954*t - 24649. Determine a(5).
-4
Let o(j) = -19154*j + 229830. Calculate o(12).
-18
Let a(m) = -8*m**3 - 57*m**2 + 37*m + 9. Give a(-8).
161
Let k(d) = 2*d**2 + 214*d + 5783. What is k(-53)?
59
Let c(q) = -q**3 - 56*q**2 + 205*q + 421. Determine c(-59).
-1231
Let p(f) = -7*f**2 + 81*f + 2092. What is p(-17)?
-1308
Let u(z) = z**2 + 329*z + 16728. What is u(-64)?
-232
Let j(v) = -v**3 - 112*v**2 - 3035*v + 128. What is j(-46)?
82
Let d(f) = 2949*f - 406910. Give d(138).
52
Let p(y) = 36*y**3 - 6*y**2 + 18034*y + 18039. Give p(-1).
-37
Let x(z) = -z**2 + 1674*z + 13392. What is x(-8)?
-64
Let z(b) = -3778*b - 22429. Give z(-6).
239
Let o(u) = -532*u - 41958. Determine o(-77).
-994
Let d(b) = -3*b**3 + 47*b**2 + 2495*b + 193. Calculate d(-22).
-5
Let f(d) = -d**3 - 933*d**2 - 14665*d + 117. Calculate f(-16).
5
Let c(u) = 1553*u + 242275. Calculate c(-156).
7
Let n(h) = 4*h - 831. Determine n(46).
-647
Let s(n) = 3*n**3 - 4*n**2 + 36*n. Calculate s(-5).
-655
Let i(h) = 2*h**3 + 84*h**2 + 200*h + 16309. Calculate i(-44).
-235
Let f(n) = -98*n**2 + 4*n + 26. Determine f(2).
-358
Let z(s) = s**2 - 36447*s - 182258. Determine z(-5).
2
Let d(x) = -772098*x - 6948897. Determine d(-9).
-15
Let h(c) = -c**3 + 199*c**2 - 3255*c - 1142. Calculate h(181).
-599
Let o(q) = q**2 + 25419*q + 304941. Determine o(-12).
57
Let m(q) = -39659*q + 118890. Give m(3).
-87
Let h(q) = -731*q - 6113. Calculate h(-9).
466
Let v(z) = -1745*z + 9356. Calculate v(6).
-1114
Let i(m) = -149*m**3 + 1041*m**2 - 2211*m + 15582. Calculate i(7).
7
Let d(b) = -2379*b + 14325. Determine d(6).
51
Let m(q) = -q**2 + 78*q + 5036. Determine m(120).
-4
Let t(u) = -2*u**2 + 16*u + 335. Determine t(-25).
-1315
Let t(w) = 229*w**2 + 7328*w - 63. What is t(-32)?
-63
Let l(r) = 1647*r**2 + 3308*r + 42. What is l(-2)?
14
Let r(l) = -2063*l + 47499. Determine r(23).
50
Let a(g) = -225*g + 1398. Determine a(8).
-402
Let z(k) = -4*k**3 + 52*k**2 + 56*k - 116. Calculate z(13).
612
Let a(k) = k**2 + 2301*k + 29691. Calculate a(-13).
-53
Let f(n) = n**3 - 15*n**2 - 34*n - 2. What is f(-2)?
-2
Let o(n) = 2*n**3 - 112*n**2 + 1487*n + 1210. Determine o(24).
34
Let a(y) = -19*y + 1792. Give a(109).
-279
Let i(a) = 44*a**2 + 631*a + 988. Calculate i(-12).
-248
Let p(v) = -v**3 - 270*v**2 - 2595*v + 1316. Give p(-260).
16
Let f(u) = -u**3 - 324*u**2 + 1571*u - 24353. What is f(-329)?
-7
Let r(b) = b**3 + 13467*b**2 - 567381*b + 125. What is r(42)?
-1
Let l(h) = -h**3 - 58*h**2 - 183*h - 347. Determine l(-55).
643
Let o(d) = d**3 + 134*d**2 - 244*d - 14723. Calculate o(-135).
-8
Let n(r) = 1789*r + 116594. Calculate n(-65).
309
Let u(j) = 2*j**3 + 424*j**2 - 3510*j + 2208. Determine u(-220).
8
Let n(i) = i**3 - 27*i**2 - 119*i + 3620. What is n(26)?
-150
Let u(k) = 50522*k - 8942408. What is u(177)?
-14
Let k(y) = y**2 - 1654*y + 23022. What is k(14)?
62
Let m(u) = -1086*u + 13111. What is m(12)?
79
Let i(j) = -3302*j + 191573. Determine i(58).
57
Let l(d) = -1041522*d - 1041488. What is l(-1)?
34
Let o(f) = -f**3 - 85*f**2 + 76*f - 412. Determine o(-86).
448
Let v(d) = -95*d + 27. Determine v(-4).
407
Let q(d) = 4933*d + 29143. Calculate q(-6).
-455
Let k(f) = 6*f**2 - 181*f + 1777. Give k(34).
2559
Let t(d) = 143*d**2 - 1544*d - 300. What is t(11)?
19
Let l(v) = 5*v**2 + 70536*v - 70536. Give l(1).
5
Let j(f) = 5*f**2 - 702*f - 6359. Determine j(-9).
364
Let y(l) = 2844*l - 708148. Determine y(249).
8
Let l(m) = -14*m**3 - 94*m**2 + 24*m + 13. Determine l(-7).
41
Let n(v) = 2247*v + 487536. Determine n(-217).
-63
Let b(k) = -47*k + 1798. Determine b(110).
-3372
Let t(i) = -1389*i + 62515. What is t(45)?
10
Let v(j) = -3*j**2 + 143*j + 6478. Calculate v(76).
18
Let f(y) = 17622*y + 70103. Give f(-4).
-385
Let p(q) = -q**3 - 93*q**2 + 928*q + 322. Give p(-102).
-698
Let x(l) = -6*l**3 - 185*l**2 - 127*l + 661. Give x(-30).
-29
Let l(s) = -871*s + 2679. Give l(2).
937
Let v(x) = 2*x**2 + 140*x - 2946. Calculate v(18).
222
Let h(k) = 2*k**2 - 27*k - 60. Determine h(-4).
80
Let z(l) = 462*l**2 - 6910*l - 19. Determine z(15).
281
Let c(r) = -3*r**3 + 30*r**2 - 60*r + 324. Give c(11).
-699
Let k(b) = -4*b**2 + 13272*b + 26547. Calculate k(-2).
-13
Let c(a) = 3108*a - 537769. Calculate c(173).
-85
Let y(v) = -884*v - 12916. Give y(-15)